{"id":7018,"date":"2023-09-25T12:44:03","date_gmt":"2023-09-25T12:44:03","guid":{"rendered":"http:\/\/167.86.89.214\/stj.cv\/?page_id=7018"},"modified":"2023-10-26T11:55:15","modified_gmt":"2023-10-26T12:55:15","slug":"conselheiro-medina","status":"publish","type":"page","link":"https:\/\/www.stj.cv\/index.php\/conselheiro-medina\/","title":{"rendered":"Conselheiro Medina"},"content":{"rendered":"\t\t<div data-elementor-type=\"wp-page\" data-elementor-id=\"7018\" class=\"elementor elementor-7018\">\n\t\t\t\t\t\t<section class=\"elementor-section elementor-top-section elementor-element elementor-element-d5aac17 elementor-section-boxed elementor-section-height-default elementor-section-height-default\" data-id=\"d5aac17\" data-element_type=\"section\" data-e-type=\"section\">\n\t\t\t\t\t\t<div class=\"elementor-container elementor-column-gap-default\">\n\t\t\t\t\t<div class=\"elementor-column elementor-col-100 elementor-top-column elementor-element elementor-element-c3c5208\" data-id=\"c3c5208\" data-element_type=\"column\" data-e-type=\"column\">\n\t\t\t<div class=\"elementor-widget-wrap elementor-element-populated\">\n\t\t\t\t\t\t<div class=\"elementor-element elementor-element-946694d elementor-widget elementor-widget-image\" data-id=\"946694d\" data-element_type=\"widget\" data-e-type=\"widget\" data-widget_type=\"image.default\">\n\t\t\t\t<div class=\"elementor-widget-container\">\n\t\t\t\t\t\t\t\t\t\t\t\t\t\t\t<img fetchpriority=\"high\" decoding=\"async\" width=\"199\" height=\"300\" src=\"https:\/\/www.stj.cv\/wp-content\/uploads\/2023\/08\/4_DSC_9976-199x300.jpg\" class=\"attachment-medium size-medium wp-image-6458\" alt=\"\" srcset=\"https:\/\/www.stj.cv\/wp-content\/uploads\/2023\/08\/4_DSC_9976-199x300.jpg 199w, https:\/\/www.stj.cv\/wp-content\/uploads\/2023\/08\/4_DSC_9976-678x1024.jpg 678w, https:\/\/www.stj.cv\/wp-content\/uploads\/2023\/08\/4_DSC_9976-768x1160.jpg 768w, https:\/\/www.stj.cv\/wp-content\/uploads\/2023\/08\/4_DSC_9976-1017x1536.jpg 1017w, https:\/\/www.stj.cv\/wp-content\/uploads\/2023\/08\/4_DSC_9976-1356x2048.jpg 1356w, https:\/\/www.stj.cv\/wp-content\/uploads\/2023\/08\/4_DSC_9976-600x906.jpg 600w, https:\/\/www.stj.cv\/wp-content\/uploads\/2023\/08\/4_DSC_9976-scaled.jpg 1696w\" sizes=\"(max-width: 199px) 100vw, 199px\" \/>\t\t\t\t\t\t\t\t\t\t\t\t\t\t\t<\/div>\n\t\t\t\t<\/div>\n\t\t\t\t\t<\/div>\n\t\t<\/div>\n\t\t\t\t\t<\/div>\n\t\t<\/section>\n\t\t\t\t<section class=\"elementor-section elementor-top-section elementor-element elementor-element-1ec6c9e elementor-section-boxed elementor-section-height-default elementor-section-height-default\" data-id=\"1ec6c9e\" data-element_type=\"section\" data-e-type=\"section\">\n\t\t\t\t\t\t<div class=\"elementor-container elementor-column-gap-default\">\n\t\t\t\t\t<div class=\"elementor-column elementor-col-100 elementor-top-column elementor-element elementor-element-c58ce94\" data-id=\"c58ce94\" data-element_type=\"column\" data-e-type=\"column\">\n\t\t\t<div class=\"elementor-widget-wrap elementor-element-populated\">\n\t\t\t\t\t\t<div class=\"elementor-element elementor-element-b904765 elementor-widget elementor-widget-text-editor\" data-id=\"b904765\" data-element_type=\"widget\" data-e-type=\"widget\" data-widget_type=\"text-editor.default\">\n\t\t\t\t<div class=\"elementor-widget-container\">\n\t\t\t\t\t\t\t\t\t<p><strong> Ju\u00edz Conselheiro Arlindo Almeida Medina<\/strong><\/p>\t\t\t\t\t\t\t\t<\/div>\n\t\t\t\t<\/div>\n\t\t\t\t\t<\/div>\n\t\t<\/div>\n\t\t\t\t\t<\/div>\n\t\t<\/section>\n\t\t\t\t<section class=\"elementor-section elementor-top-section elementor-element elementor-element-e8b01e7 elementor-section-boxed elementor-section-height-default elementor-section-height-default\" data-id=\"e8b01e7\" data-element_type=\"section\" data-e-type=\"section\">\n\t\t\t\t\t\t<div class=\"elementor-container elementor-column-gap-default\">\n\t\t\t\t\t<div class=\"elementor-column elementor-col-100 elementor-top-column elementor-element elementor-element-444bde2\" data-id=\"444bde2\" data-element_type=\"column\" data-e-type=\"column\">\n\t\t\t<div class=\"elementor-widget-wrap elementor-element-populated\">\n\t\t\t\t\t\t<div class=\"elementor-element elementor-element-68d3fa0 elementor-widget elementor-widget-text-editor\" data-id=\"68d3fa0\" data-element_type=\"widget\" data-e-type=\"widget\" data-widget_type=\"text-editor.default\">\n\t\t\t\t<div class=\"elementor-widget-container\">\n\t\t\t\t\t\t\t\t\t<p><strong>Nota Biogr\u00e1fica<\/strong><\/p>\t\t\t\t\t\t\t\t<\/div>\n\t\t\t\t<\/div>\n\t\t\t\t\t<\/div>\n\t\t<\/div>\n\t\t\t\t\t<\/div>\n\t\t<\/section>\n\t\t\t\t<section class=\"elementor-section elementor-top-section elementor-element elementor-element-5ba6b87 elementor-section-boxed elementor-section-height-default elementor-section-height-default\" data-id=\"5ba6b87\" data-element_type=\"section\" data-e-type=\"section\">\n\t\t\t\t\t\t<div class=\"elementor-container elementor-column-gap-default\">\n\t\t\t\t\t<div class=\"elementor-column elementor-col-100 elementor-top-column elementor-element elementor-element-7729e0e\" data-id=\"7729e0e\" data-element_type=\"column\" data-e-type=\"column\">\n\t\t\t<div class=\"elementor-widget-wrap elementor-element-populated\">\n\t\t\t\t\t\t<div class=\"elementor-element elementor-element-f047f97 elementor-widget elementor-widget-text-editor\" data-id=\"f047f97\" data-element_type=\"widget\" data-e-type=\"widget\" data-widget_type=\"text-editor.default\">\n\t\t\t\t<div class=\"elementor-widget-container\">\n\t\t\t\t\t\t\t\t\t<div style=\"text-align: justify;\"><p>Nasceu em novembro de 1968, na localidade de Ribeira das Patas, concelho do Porto Novo, ilha de Santo Ant\u00e3o.Licenciado em Direito pela Faculdade de Direito da Universidade de Coimbra (1988\/1993), concluiu o Curso de Forma\u00e7\u00e3o de Magistrados no Centro de Estudos Judici\u00e1rios &#8211; Portugal (1993\/1995).<\/p><p>Ingressou na Magistratura do MP (01.10.1995) e posteriormente, a seu pedido, foi admitido a passar para o quadro da Magistratura Judicial (01.01.1998).<\/p><p>Exerceu fun\u00e7\u00f5es de Procurador da Rep\u00fablica nas Procuradorias das Comarcas do Sal (1995\/1997) e da Ribeira Grande Santo Ant\u00e3o (1997) e de Juiz de Direito nos Tribunais Judiciais das Comarcas do Fogo (1998\/2000) e de S. Vicente \u2013 Ju\u00edzo Criminal (2000\/2003) e Ju\u00edzo C\u00edvel (2003\/2009).<\/p><p>Eleito (30.01.2009) pelo Conselho Superior da Magistratura Judicial para o cargo de Juiz Conselheiro do Supremo Tribunal de Justi\u00e7a &#8211; ent\u00e3o provido em regime de mandato \u2013, foi subsequentemente nomeado (04.02.2009) pelo Presidente da Rep\u00fablica para o cargo de Presidente da mesma Suprema Inst\u00e2ncia Judicial, fun\u00e7\u00f5es essas que exerceu at\u00e9 ao \u00faltimo trimestre de 2015.<\/p><p>Entre outros cargos no \u00e2mbito do sistema judici\u00e1rio nacional, foi Vogal do Conselho Superior da Magistratura Judicial (2003\/2009) e Presidente do mesmo \u00d3rg\u00e3o (2009\/2012).<\/p><p>Foi promovido \u00e0 categoria de Juiz Conselheiro (25.10.2013) no \u00e2mbito do I concurso curricular de acesso ao Supremo Tribunal de Justi\u00e7a, tendo sido empossado nessas fun\u00e7\u00f5es em finais de 2015, quando o STJ deixou de acumular fun\u00e7\u00f5es de Tribunal Constitucional.<\/p><p>Foi Vice-Presidente do J\u00fari do concurso de acesso ao cargo de Juiz do Tribunal da Comunidade Econ\u00f3mica dos Estados da \u00c1frica Ocidental (2014) e Presidente do J\u00fari do II concurso curricular de acesso ao Supremo Tribunal de Justi\u00e7a (2022).<\/p><p>Foi Vogal do Conselho Executivo do Centro Atl\u00e2ntico de Estudos Judici\u00e1rios (2010\/2011), Vice-Presidente do Conselho Judici\u00e1rio da Comunidade Econ\u00f3mica dos Estados da \u00c1frica Ocidental (2014) e Assessor Internacional na PGR de Timor-Leste (2015\/2021).<\/p><p>\u00a0<\/p><p>Exerceu doc\u00eancia universit\u00e1ria (2006\/2008) e no Curso de Forma\u00e7\u00e3o de Oficiais de Justi\u00e7a (2007).<\/p><p>Interveio como orador em col\u00f3quios, confer\u00eancias e semin\u00e1rios em Cabo Verde e no estrangeiro.<\/p><p>Regressou ao seu lugar de Juiz Conselheiro do Supremo Tribunal de Justi\u00e7a em outubro de 2022.<\/p><\/div>\t\t\t\t\t\t\t\t<\/div>\n\t\t\t\t<\/div>\n\t\t\t\t\t<\/div>\n\t\t<\/div>\n\t\t\t\t\t<\/div>\n\t\t<\/section>\n\t\t\t\t<\/div>\n\t\t","protected":false},"excerpt":{"rendered":"<p>Ju\u00edz Conselheiro Arlindo Almeida Medina Nota Biogr\u00e1fica Nasceu em novembro de 1968, na localidade de Ribeira das Patas, concelho do Porto Novo, ilha de Santo Ant\u00e3o.Licenciado em Direito pela Faculdade de Direito da Universidade de Coimbra (1988\/1993), concluiu o Curso de Forma\u00e7\u00e3o de Magistrados no Centro de Estudos Judici\u00e1rios &#8211; Portugal (1993\/1995). Ingressou na Magistratura [&hellip;]<\/p>\n","protected":false},"author":2,"featured_media":0,"parent":0,"menu_order":0,"comment_status":"closed","ping_status":"closed","template":"","meta":{"footnotes":""},"class_list":["post-7018","page","type-page","status-publish","hentry"],"jetpack_sharing_enabled":true,"_links":{"self":[{"href":"https:\/\/www.stj.cv\/index.php\/wp-json\/wp\/v2\/pages\/7018","targetHints":{"allow":["GET"]}}],"collection":[{"href":"https:\/\/www.stj.cv\/index.php\/wp-json\/wp\/v2\/pages"}],"about":[{"href":"https:\/\/www.stj.cv\/index.php\/wp-json\/wp\/v2\/types\/page"}],"author":[{"embeddable":true,"href":"https:\/\/www.stj.cv\/index.php\/wp-json\/wp\/v2\/users\/2"}],"replies":[{"embeddable":true,"href":"https:\/\/www.stj.cv\/index.php\/wp-json\/wp\/v2\/comments?post=7018"}],"version-history":[{"count":28,"href":"https:\/\/www.stj.cv\/index.php\/wp-json\/wp\/v2\/pages\/7018\/revisions"}],"predecessor-version":[{"id":8753,"href":"https:\/\/www.stj.cv\/index.php\/wp-json\/wp\/v2\/pages\/7018\/revisions\/8753"}],"wp:attachment":[{"href":"https:\/\/www.stj.cv\/index.php\/wp-json\/wp\/v2\/media?parent=7018"}],"curies":[{"name":"wp","href":"https:\/\/api.w.org\/{rel}","templated":true}]}}