{"id":6310,"date":"2023-08-08T16:14:58","date_gmt":"2023-08-08T16:14:58","guid":{"rendered":"http:\/\/167.86.89.214\/stj.cv\/?page_id=6310"},"modified":"2026-02-27T11:10:15","modified_gmt":"2026-02-27T12:10:15","slug":"juizes-conselheiros","status":"publish","type":"page","link":"https:\/\/www.stj.cv\/index.php\/juizes-conselheiros\/","title":{"rendered":"Ju\u00cdzes Conselheiros"},"content":{"rendered":"\t\t<div data-elementor-type=\"wp-page\" data-elementor-id=\"6310\" class=\"elementor elementor-6310\">\n\t\t\t\t\t\t<section class=\"elementor-section elementor-top-section elementor-element elementor-element-a7843f1 elementor-section-boxed elementor-section-height-default elementor-section-height-default\" data-id=\"a7843f1\" data-element_type=\"section\" data-e-type=\"section\">\n\t\t\t\t\t\t<div class=\"elementor-container elementor-column-gap-default\">\n\t\t\t\t\t<div class=\"elementor-column elementor-col-100 elementor-top-column elementor-element elementor-element-7838e20\" data-id=\"7838e20\" data-element_type=\"column\" data-e-type=\"column\">\n\t\t\t<div class=\"elementor-widget-wrap elementor-element-populated\">\n\t\t\t\t\t\t<div class=\"elementor-element elementor-element-20e18f5 elementor-widget elementor-widget-text-editor\" data-id=\"20e18f5\" data-element_type=\"widget\" data-e-type=\"widget\" data-widget_type=\"text-editor.default\">\n\t\t\t\t<div class=\"elementor-widget-container\">\n\t\t\t\t\t\t\t\t\t<h4>jU\u00cdZES cONSELHEIROS<\/h4>\t\t\t\t\t\t\t\t<\/div>\n\t\t\t\t<\/div>\n\t\t\t\t\t<\/div>\n\t\t<\/div>\n\t\t\t\t\t<\/div>\n\t\t<\/section>\n\t\t\t\t<section class=\"elementor-section elementor-top-section elementor-element elementor-element-ba4f0f5 elementor-section-boxed elementor-section-height-default elementor-section-height-default\" data-id=\"ba4f0f5\" data-element_type=\"section\" data-e-type=\"section\">\n\t\t\t\t\t\t<div class=\"elementor-container elementor-column-gap-default\">\n\t\t\t\t\t<div class=\"elementor-column elementor-col-100 elementor-top-column elementor-element elementor-element-6497d91\" data-id=\"6497d91\" data-element_type=\"column\" data-e-type=\"column\">\n\t\t\t<div class=\"elementor-widget-wrap elementor-element-populated\">\n\t\t\t\t\t\t<div class=\"elementor-element elementor-element-f20f5bc elementor-widget elementor-widget-image\" data-id=\"f20f5bc\" data-element_type=\"widget\" data-e-type=\"widget\" data-widget_type=\"image.default\">\n\t\t\t\t<div class=\"elementor-widget-container\">\n\t\t\t\t\t\t\t\t\t\t\t\t\t\t\t<img fetchpriority=\"high\" decoding=\"async\" width=\"1024\" height=\"678\" src=\"https:\/\/www.stj.cv\/wp-content\/uploads\/2023\/08\/4_DSC_0034-1024x678.jpg\" class=\"attachment-large size-large wp-image-6428\" alt=\"\" srcset=\"https:\/\/www.stj.cv\/wp-content\/uploads\/2023\/08\/4_DSC_0034-1024x678.jpg 1024w, https:\/\/www.stj.cv\/wp-content\/uploads\/2023\/08\/4_DSC_0034-300x199.jpg 300w, https:\/\/www.stj.cv\/wp-content\/uploads\/2023\/08\/4_DSC_0034-768x509.jpg 768w, https:\/\/www.stj.cv\/wp-content\/uploads\/2023\/08\/4_DSC_0034-1536x1017.jpg 1536w, https:\/\/www.stj.cv\/wp-content\/uploads\/2023\/08\/4_DSC_0034-2048x1356.jpg 2048w, https:\/\/www.stj.cv\/wp-content\/uploads\/2023\/08\/4_DSC_0034-600x397.jpg 600w\" sizes=\"(max-width: 1024px) 100vw, 1024px\" \/>\t\t\t\t\t\t\t\t\t\t\t\t\t\t\t<\/div>\n\t\t\t\t<\/div>\n\t\t\t\t\t<\/div>\n\t\t<\/div>\n\t\t\t\t\t<\/div>\n\t\t<\/section>\n\t\t\t\t<section class=\"elementor-section elementor-top-section elementor-element elementor-element-efd5168 elementor-section-boxed elementor-section-height-default elementor-section-height-default\" data-id=\"efd5168\" data-element_type=\"section\" data-e-type=\"section\">\n\t\t\t\t\t\t<div class=\"elementor-container elementor-column-gap-default\">\n\t\t\t\t\t<div class=\"elementor-column elementor-col-100 elementor-top-column elementor-element elementor-element-c84135f\" data-id=\"c84135f\" data-element_type=\"column\" data-e-type=\"column\">\n\t\t\t<div class=\"elementor-widget-wrap elementor-element-populated\">\n\t\t\t\t\t\t<div class=\"elementor-element elementor-element-16f5456 elementor-widget elementor-widget-image\" data-id=\"16f5456\" data-element_type=\"widget\" data-e-type=\"widget\" data-widget_type=\"image.default\">\n\t\t\t\t<div class=\"elementor-widget-container\">\n\t\t\t\t\t\t\t\t\t\t\t\t\t\t\t<img decoding=\"async\" width=\"199\" height=\"300\" src=\"https:\/\/www.stj.cv\/wp-content\/uploads\/2023\/08\/4_DSC_9972-199x300.jpg\" class=\"attachment-medium size-medium wp-image-6389\" alt=\"\" srcset=\"https:\/\/www.stj.cv\/wp-content\/uploads\/2023\/08\/4_DSC_9972-199x300.jpg 199w, https:\/\/www.stj.cv\/wp-content\/uploads\/2023\/08\/4_DSC_9972-678x1024.jpg 678w, https:\/\/www.stj.cv\/wp-content\/uploads\/2023\/08\/4_DSC_9972-768x1160.jpg 768w, https:\/\/www.stj.cv\/wp-content\/uploads\/2023\/08\/4_DSC_9972-1017x1536.jpg 1017w, https:\/\/www.stj.cv\/wp-content\/uploads\/2023\/08\/4_DSC_9972-1356x2048.jpg 1356w, https:\/\/www.stj.cv\/wp-content\/uploads\/2023\/08\/4_DSC_9972-600x906.jpg 600w, https:\/\/www.stj.cv\/wp-content\/uploads\/2023\/08\/4_DSC_9972-scaled.jpg 1696w\" sizes=\"(max-width: 199px) 100vw, 199px\" \/>\t\t\t\t\t\t\t\t\t\t\t\t\t\t\t<\/div>\n\t\t\t\t<\/div>\n\t\t\t\t<div class=\"elementor-element elementor-element-44716f0 elementor-widget elementor-widget-text-editor\" data-id=\"44716f0\" data-element_type=\"widget\" data-e-type=\"widget\" data-widget_type=\"text-editor.default\">\n\t\t\t\t<div class=\"elementor-widget-container\">\n\t\t\t\t\t\t\t\t\t<p><strong>Ju\u00edz Conselheiro Benfeito Mosso Ramos<\/strong><\/p>\t\t\t\t\t\t\t\t<\/div>\n\t\t\t\t<\/div>\n\t\t\t\t\t<\/div>\n\t\t<\/div>\n\t\t\t\t\t<\/div>\n\t\t<\/section>\n\t\t\t\t<section class=\"elementor-section elementor-top-section elementor-element elementor-element-4e3504e elementor-section-boxed elementor-section-height-default elementor-section-height-default\" data-id=\"4e3504e\" data-element_type=\"section\" data-e-type=\"section\">\n\t\t\t\t\t\t<div class=\"elementor-container elementor-column-gap-default\">\n\t\t\t\t\t<div class=\"elementor-column elementor-col-33 elementor-top-column elementor-element elementor-element-2825666\" data-id=\"2825666\" data-element_type=\"column\" data-e-type=\"column\">\n\t\t\t<div class=\"elementor-widget-wrap elementor-element-populated\">\n\t\t\t\t\t\t\t<\/div>\n\t\t<\/div>\n\t\t\t\t<div class=\"elementor-column elementor-col-33 elementor-top-column elementor-element elementor-element-f63a55e\" data-id=\"f63a55e\" data-element_type=\"column\" data-e-type=\"column\">\n\t\t\t<div class=\"elementor-widget-wrap elementor-element-populated\">\n\t\t\t\t\t\t<div class=\"elementor-element elementor-element-165f1f7 elementor-widget elementor-widget-image\" data-id=\"165f1f7\" data-element_type=\"widget\" data-e-type=\"widget\" data-widget_type=\"image.default\">\n\t\t\t\t<div class=\"elementor-widget-container\">\n\t\t\t\t\t\t\t\t\t\t\t\t\t\t\t\t<a href=\"http:\/\/stj.cv\/index.php\/conselheira-evora\/\">\n\t\t\t\t\t\t\t<img decoding=\"async\" width=\"199\" height=\"300\" src=\"https:\/\/www.stj.cv\/wp-content\/uploads\/2023\/09\/4_DSC_9994-199x300.jpg\" class=\"attachment-medium size-medium wp-image-6982\" alt=\"\" srcset=\"https:\/\/www.stj.cv\/wp-content\/uploads\/2023\/09\/4_DSC_9994-199x300.jpg 199w, https:\/\/www.stj.cv\/wp-content\/uploads\/2023\/09\/4_DSC_9994-678x1024.jpg 678w, https:\/\/www.stj.cv\/wp-content\/uploads\/2023\/09\/4_DSC_9994-768x1160.jpg 768w, https:\/\/www.stj.cv\/wp-content\/uploads\/2023\/09\/4_DSC_9994-1017x1536.jpg 1017w, https:\/\/www.stj.cv\/wp-content\/uploads\/2023\/09\/4_DSC_9994-1356x2048.jpg 1356w, https:\/\/www.stj.cv\/wp-content\/uploads\/2023\/09\/4_DSC_9994-600x906.jpg 600w, https:\/\/www.stj.cv\/wp-content\/uploads\/2023\/09\/4_DSC_9994-scaled.jpg 1696w\" sizes=\"(max-width: 199px) 100vw, 199px\" \/>\t\t\t\t\t\t\t\t<\/a>\n\t\t\t\t\t\t\t\t\t\t\t\t\t\t\t<\/div>\n\t\t\t\t<\/div>\n\t\t\t\t<div class=\"elementor-element elementor-element-0c01982 elementor-widget elementor-widget-text-editor\" data-id=\"0c01982\" data-element_type=\"widget\" data-e-type=\"widget\" data-widget_type=\"text-editor.default\">\n\t\t\t\t<div class=\"elementor-widget-container\">\n\t\t\t\t\t\t\t\t\t<p><strong>Ju\u00edza Conselheira Maria Teresa \u00c9vora<\/strong><\/p>\t\t\t\t\t\t\t\t<\/div>\n\t\t\t\t<\/div>\n\t\t\t\t\t<\/div>\n\t\t<\/div>\n\t\t\t\t<div class=\"elementor-column elementor-col-33 elementor-top-column elementor-element elementor-element-cfc0aea\" data-id=\"cfc0aea\" data-element_type=\"column\" data-e-type=\"column\">\n\t\t\t<div class=\"elementor-widget-wrap elementor-element-populated\">\n\t\t\t\t\t\t<div class=\"elementor-element elementor-element-1403b53 elementor-widget elementor-widget-image\" data-id=\"1403b53\" data-element_type=\"widget\" data-e-type=\"widget\" data-widget_type=\"image.default\">\n\t\t\t\t<div class=\"elementor-widget-container\">\n\t\t\t\t\t\t\t\t\t\t\t\t\t\t\t\t<a href=\"http:\/\/stj.cv\/index.php\/conselheiro-semedo\/\">\n\t\t\t\t\t\t\t<img loading=\"lazy\" decoding=\"async\" width=\"199\" height=\"300\" src=\"https:\/\/www.stj.cv\/wp-content\/uploads\/2023\/08\/4_DSC_0017-199x300.jpg\" class=\"attachment-medium size-medium wp-image-6454\" alt=\"\" srcset=\"https:\/\/www.stj.cv\/wp-content\/uploads\/2023\/08\/4_DSC_0017-199x300.jpg 199w, https:\/\/www.stj.cv\/wp-content\/uploads\/2023\/08\/4_DSC_0017-678x1024.jpg 678w, https:\/\/www.stj.cv\/wp-content\/uploads\/2023\/08\/4_DSC_0017-768x1160.jpg 768w, https:\/\/www.stj.cv\/wp-content\/uploads\/2023\/08\/4_DSC_0017-1017x1536.jpg 1017w, https:\/\/www.stj.cv\/wp-content\/uploads\/2023\/08\/4_DSC_0017-1356x2048.jpg 1356w, https:\/\/www.stj.cv\/wp-content\/uploads\/2023\/08\/4_DSC_0017-600x906.jpg 600w, https:\/\/www.stj.cv\/wp-content\/uploads\/2023\/08\/4_DSC_0017-scaled.jpg 1696w\" sizes=\"(max-width: 199px) 100vw, 199px\" \/>\t\t\t\t\t\t\t\t<\/a>\n\t\t\t\t\t\t\t\t\t\t\t\t\t\t\t<\/div>\n\t\t\t\t<\/div>\n\t\t\t\t<div class=\"elementor-element elementor-element-caa0f6f elementor-widget elementor-widget-text-editor\" data-id=\"caa0f6f\" data-element_type=\"widget\" data-e-type=\"widget\" data-widget_type=\"text-editor.default\">\n\t\t\t\t<div class=\"elementor-widget-container\">\n\t\t\t\t\t\t\t\t\t<p><strong>Ju\u00edz Conselheiro Manuel Semedo<\/strong><\/p>\t\t\t\t\t\t\t\t<\/div>\n\t\t\t\t<\/div>\n\t\t\t\t\t<\/div>\n\t\t<\/div>\n\t\t\t\t\t<\/div>\n\t\t<\/section>\n\t\t\t\t<section class=\"elementor-section elementor-top-section elementor-element elementor-element-1813ddf elementor-section-boxed elementor-section-height-default elementor-section-height-default\" data-id=\"1813ddf\" data-element_type=\"section\" data-e-type=\"section\">\n\t\t\t\t\t\t<div class=\"elementor-container elementor-column-gap-default\">\n\t\t\t\t\t<div class=\"elementor-column elementor-col-33 elementor-top-column elementor-element elementor-element-265d805\" data-id=\"265d805\" data-element_type=\"column\" data-e-type=\"column\">\n\t\t\t<div class=\"elementor-widget-wrap elementor-element-populated\">\n\t\t\t\t\t\t<div class=\"elementor-element elementor-element-593297f elementor-widget elementor-widget-image\" data-id=\"593297f\" data-element_type=\"widget\" data-e-type=\"widget\" data-widget_type=\"image.default\">\n\t\t\t\t<div class=\"elementor-widget-container\">\n\t\t\t\t\t\t\t\t\t\t\t\t\t\t\t\t<a href=\"http:\/\/stj.cv\/index.php\/conselheiro-medina\/\">\n\t\t\t\t\t\t\t<img loading=\"lazy\" decoding=\"async\" width=\"199\" height=\"300\" src=\"https:\/\/www.stj.cv\/wp-content\/uploads\/2023\/08\/4_DSC_9976-199x300.jpg\" class=\"attachment-medium size-medium wp-image-6458\" alt=\"\" srcset=\"https:\/\/www.stj.cv\/wp-content\/uploads\/2023\/08\/4_DSC_9976-199x300.jpg 199w, https:\/\/www.stj.cv\/wp-content\/uploads\/2023\/08\/4_DSC_9976-678x1024.jpg 678w, https:\/\/www.stj.cv\/wp-content\/uploads\/2023\/08\/4_DSC_9976-768x1160.jpg 768w, https:\/\/www.stj.cv\/wp-content\/uploads\/2023\/08\/4_DSC_9976-1017x1536.jpg 1017w, https:\/\/www.stj.cv\/wp-content\/uploads\/2023\/08\/4_DSC_9976-1356x2048.jpg 1356w, https:\/\/www.stj.cv\/wp-content\/uploads\/2023\/08\/4_DSC_9976-600x906.jpg 600w, https:\/\/www.stj.cv\/wp-content\/uploads\/2023\/08\/4_DSC_9976-scaled.jpg 1696w\" sizes=\"(max-width: 199px) 100vw, 199px\" \/>\t\t\t\t\t\t\t\t<\/a>\n\t\t\t\t\t\t\t\t\t\t\t\t\t\t\t<\/div>\n\t\t\t\t<\/div>\n\t\t\t\t<div class=\"elementor-element elementor-element-03e065c elementor-widget elementor-widget-text-editor\" data-id=\"03e065c\" data-element_type=\"widget\" data-e-type=\"widget\" data-widget_type=\"text-editor.default\">\n\t\t\t\t<div class=\"elementor-widget-container\">\n\t\t\t\t\t\t\t\t\t<p><strong>Ju\u00edz Conselheiro Arlindo Medina<\/strong><\/p>\t\t\t\t\t\t\t\t<\/div>\n\t\t\t\t<\/div>\n\t\t\t\t\t<\/div>\n\t\t<\/div>\n\t\t\t\t<div class=\"elementor-column elementor-col-33 elementor-top-column elementor-element elementor-element-baad29b\" data-id=\"baad29b\" data-element_type=\"column\" data-e-type=\"column\">\n\t\t\t<div class=\"elementor-widget-wrap elementor-element-populated\">\n\t\t\t\t\t\t\t<\/div>\n\t\t<\/div>\n\t\t\t\t<div class=\"elementor-column elementor-col-33 elementor-top-column elementor-element elementor-element-2861482\" data-id=\"2861482\" data-element_type=\"column\" data-e-type=\"column\">\n\t\t\t<div class=\"elementor-widget-wrap elementor-element-populated\">\n\t\t\t\t\t\t<div class=\"elementor-element elementor-element-b05c3c5 elementor-widget elementor-widget-image\" data-id=\"b05c3c5\" data-element_type=\"widget\" data-e-type=\"widget\" data-widget_type=\"image.default\">\n\t\t\t\t<div class=\"elementor-widget-container\">\n\t\t\t\t\t\t\t\t\t\t\t\t\t\t\t\t<a href=\"http:\/\/stj.cv\/index.php\/conselheira-da-luz\/\">\n\t\t\t\t\t\t\t<img loading=\"lazy\" decoding=\"async\" width=\"200\" height=\"300\" src=\"https:\/\/www.stj.cv\/wp-content\/uploads\/2023\/08\/4_DSC_9980-200x300.jpg\" class=\"attachment-medium size-medium wp-image-6460\" alt=\"\" srcset=\"https:\/\/www.stj.cv\/wp-content\/uploads\/2023\/08\/4_DSC_9980-200x300.jpg 200w, https:\/\/www.stj.cv\/wp-content\/uploads\/2023\/08\/4_DSC_9980-683x1024.jpg 683w, https:\/\/www.stj.cv\/wp-content\/uploads\/2023\/08\/4_DSC_9980-768x1152.jpg 768w, https:\/\/www.stj.cv\/wp-content\/uploads\/2023\/08\/4_DSC_9980-1024x1536.jpg 1024w, https:\/\/www.stj.cv\/wp-content\/uploads\/2023\/08\/4_DSC_9980-1365x2048.jpg 1365w, https:\/\/www.stj.cv\/wp-content\/uploads\/2023\/08\/4_DSC_9980-600x900.jpg 600w, https:\/\/www.stj.cv\/wp-content\/uploads\/2023\/08\/4_DSC_9980-scaled.jpg 1706w\" sizes=\"(max-width: 200px) 100vw, 200px\" \/>\t\t\t\t\t\t\t\t<\/a>\n\t\t\t\t\t\t\t\t\t\t\t\t\t\t\t<\/div>\n\t\t\t\t<\/div>\n\t\t\t\t<div class=\"elementor-element elementor-element-2700376 elementor-widget elementor-widget-text-editor\" data-id=\"2700376\" data-element_type=\"widget\" data-e-type=\"widget\" data-widget_type=\"text-editor.default\">\n\t\t\t\t<div class=\"elementor-widget-container\">\n\t\t\t\t\t\t\t\t\t<p><strong>Ju\u00edza Conselheira Zaida Lima<\/strong><\/p>\t\t\t\t\t\t\t\t<\/div>\n\t\t\t\t<\/div>\n\t\t\t\t\t<\/div>\n\t\t<\/div>\n\t\t\t\t\t<\/div>\n\t\t<\/section>\n\t\t\t\t<\/div>\n\t\t","protected":false},"excerpt":{"rendered":"<p>jU\u00cdZES cONSELHEIROS Ju\u00edz Conselheiro Benfeito Mosso Ramos Ju\u00edza Conselheira Maria Teresa \u00c9vora Ju\u00edz Conselheiro Manuel Semedo Ju\u00edz Conselheiro Arlindo Medina Ju\u00edza Conselheira Zaida Lima<\/p>\n","protected":false},"author":2,"featured_media":0,"parent":0,"menu_order":0,"comment_status":"closed","ping_status":"closed","template":"","meta":{"footnotes":""},"class_list":["post-6310","page","type-page","status-publish","hentry"],"jetpack_sharing_enabled":true,"_links":{"self":[{"href":"https:\/\/www.stj.cv\/index.php\/wp-json\/wp\/v2\/pages\/6310","targetHints":{"allow":["GET"]}}],"collection":[{"href":"https:\/\/www.stj.cv\/index.php\/wp-json\/wp\/v2\/pages"}],"about":[{"href":"https:\/\/www.stj.cv\/index.php\/wp-json\/wp\/v2\/types\/page"}],"author":[{"embeddable":true,"href":"https:\/\/www.stj.cv\/index.php\/wp-json\/wp\/v2\/users\/2"}],"replies":[{"embeddable":true,"href":"https:\/\/www.stj.cv\/index.php\/wp-json\/wp\/v2\/comments?post=6310"}],"version-history":[{"count":126,"href":"https:\/\/www.stj.cv\/index.php\/wp-json\/wp\/v2\/pages\/6310\/revisions"}],"predecessor-version":[{"id":12596,"href":"https:\/\/www.stj.cv\/index.php\/wp-json\/wp\/v2\/pages\/6310\/revisions\/12596"}],"wp:attachment":[{"href":"https:\/\/www.stj.cv\/index.php\/wp-json\/wp\/v2\/media?parent=6310"}],"curies":[{"name":"wp","href":"https:\/\/api.w.org\/{rel}","templated":true}]}}