{"id":6308,"date":"2023-08-08T16:14:02","date_gmt":"2023-08-08T16:14:02","guid":{"rendered":"http:\/\/167.86.89.214\/stj.cv\/?page_id=6308"},"modified":"2024-11-21T15:31:38","modified_gmt":"2024-11-21T16:31:38","slug":"presidente","status":"publish","type":"page","link":"https:\/\/www.stj.cv\/index.php\/presidente\/","title":{"rendered":"Presidente"},"content":{"rendered":"\t\t<div data-elementor-type=\"wp-page\" data-elementor-id=\"6308\" class=\"elementor elementor-6308\">\n\t\t\t\t\t\t<section class=\"elementor-section elementor-top-section elementor-element elementor-element-afd5541 elementor-section-boxed elementor-section-height-default elementor-section-height-default\" data-id=\"afd5541\" data-element_type=\"section\" data-e-type=\"section\">\n\t\t\t\t\t\t<div class=\"elementor-container elementor-column-gap-default\">\n\t\t\t\t\t<div class=\"elementor-column elementor-col-100 elementor-top-column elementor-element elementor-element-df3feb2\" data-id=\"df3feb2\" data-element_type=\"column\" data-e-type=\"column\">\n\t\t\t<div class=\"elementor-widget-wrap elementor-element-populated\">\n\t\t\t\t\t\t<div class=\"elementor-element elementor-element-e43ff41 elementor-widget elementor-widget-image\" data-id=\"e43ff41\" data-element_type=\"widget\" data-e-type=\"widget\" data-widget_type=\"image.default\">\n\t\t\t\t<div class=\"elementor-widget-container\">\n\t\t\t\t\t\t\t\t\t\t\t\t\t\t\t<img fetchpriority=\"high\" decoding=\"async\" width=\"199\" height=\"300\" src=\"https:\/\/www.stj.cv\/wp-content\/uploads\/2023\/08\/4_DSC_9972-199x300.jpg\" class=\"attachment-medium size-medium wp-image-6389\" alt=\"\" srcset=\"https:\/\/www.stj.cv\/wp-content\/uploads\/2023\/08\/4_DSC_9972-199x300.jpg 199w, https:\/\/www.stj.cv\/wp-content\/uploads\/2023\/08\/4_DSC_9972-678x1024.jpg 678w, https:\/\/www.stj.cv\/wp-content\/uploads\/2023\/08\/4_DSC_9972-768x1160.jpg 768w, https:\/\/www.stj.cv\/wp-content\/uploads\/2023\/08\/4_DSC_9972-1017x1536.jpg 1017w, https:\/\/www.stj.cv\/wp-content\/uploads\/2023\/08\/4_DSC_9972-1356x2048.jpg 1356w, https:\/\/www.stj.cv\/wp-content\/uploads\/2023\/08\/4_DSC_9972-600x906.jpg 600w, https:\/\/www.stj.cv\/wp-content\/uploads\/2023\/08\/4_DSC_9972-scaled.jpg 1696w\" sizes=\"(max-width: 199px) 100vw, 199px\" \/>\t\t\t\t\t\t\t\t\t\t\t\t\t\t\t<\/div>\n\t\t\t\t<\/div>\n\t\t\t\t\t<\/div>\n\t\t<\/div>\n\t\t\t\t\t<\/div>\n\t\t<\/section>\n\t\t\t\t<section class=\"elementor-section elementor-top-section elementor-element elementor-element-ffb544c elementor-section-boxed elementor-section-height-default elementor-section-height-default\" data-id=\"ffb544c\" data-element_type=\"section\" data-e-type=\"section\">\n\t\t\t\t\t\t<div class=\"elementor-container elementor-column-gap-default\">\n\t\t\t\t\t<div class=\"elementor-column elementor-col-100 elementor-top-column elementor-element elementor-element-b1229c3\" data-id=\"b1229c3\" data-element_type=\"column\" data-e-type=\"column\">\n\t\t\t<div class=\"elementor-widget-wrap elementor-element-populated\">\n\t\t\t\t\t\t<div class=\"elementor-element elementor-element-2e43396 elementor-widget elementor-widget-heading\" data-id=\"2e43396\" data-element_type=\"widget\" data-e-type=\"widget\" data-widget_type=\"heading.default\">\n\t\t\t\t<div class=\"elementor-widget-container\">\n\t\t\t\t\t<div class=\"elementor-heading-title elementor-size-default\">Ju\u00edz Conselheiro Benfeito Mosso Ramos<br><br>Presidente do Supremo Tribunal de Justi\u00e7a<br><br><br><\/div>\t\t\t\t<\/div>\n\t\t\t\t<\/div>\n\t\t\t\t\t<\/div>\n\t\t<\/div>\n\t\t\t\t\t<\/div>\n\t\t<\/section>\n\t\t\t\t<section class=\"elementor-section elementor-top-section elementor-element elementor-element-ac97840 elementor-section-boxed elementor-section-height-default elementor-section-height-default\" data-id=\"ac97840\" data-element_type=\"section\" data-e-type=\"section\">\n\t\t\t\t\t\t<div class=\"elementor-container elementor-column-gap-default\">\n\t\t\t\t\t<div class=\"elementor-column elementor-col-100 elementor-top-column elementor-element elementor-element-50f51ba\" data-id=\"50f51ba\" data-element_type=\"column\" data-e-type=\"column\">\n\t\t\t<div class=\"elementor-widget-wrap elementor-element-populated\">\n\t\t\t\t\t\t<div class=\"elementor-element elementor-element-1f64070 elementor-widget elementor-widget-heading\" data-id=\"1f64070\" data-element_type=\"widget\" data-e-type=\"widget\" data-widget_type=\"heading.default\">\n\t\t\t\t<div class=\"elementor-widget-container\">\n\t\t\t\t\t<div class=\"elementor-heading-title elementor-size-default\"> Nota Biogr\u00e1fica<\/div>\t\t\t\t<\/div>\n\t\t\t\t<\/div>\n\t\t\t\t<div class=\"elementor-element elementor-element-e917189 elementor-widget elementor-widget-text-editor\" data-id=\"e917189\" data-element_type=\"widget\" data-e-type=\"widget\" data-widget_type=\"text-editor.default\">\n\t\t\t\t<div class=\"elementor-widget-container\">\n\t\t\t\t\t\t\t\t\t<div style=\"text-align: justify;\"><p>\u00a0<\/p><p>Benfeito Mosso Ramos nasceu na localidade de Palmeira, ilha do Sal, a seis de julho de 1959.<\/p><p>Licenciou-se em Direito pela Faculdade de Direito da Universidade Cl\u00e1ssica de Lisboa em 1985 e frequentou de seguida o est\u00e1gio para a Magistratura no Centro de Estudos Judici\u00e1rios de Portugal (CEJ).<\/p><p>Tendo iniciado a carreira como Procurador da Rep\u00fablica em mar\u00e7o de 1987 na Procuradoria de Santo Ant\u00e3o, com sede em Ponta do Sol, optou pouco tempo depois pela Magistratura Judicial, servindo nessa mesma ilha e, de seguida, na ilha de S\u00e3o Vicente.<\/p><p>\u00c9 como magistrado judicial, ainda colocado em S\u00e3o Vicente, e jurista interessado por quest\u00f5es constitucionais, que, convidado pelo Parlamento, d\u00e1 a sua contribui\u00e7\u00e3o para o que viria a ser o sistema de fiscaliza\u00e7\u00e3o da constitucionalidade na Constitui\u00e7\u00e3o da Rep\u00fablica em prepara\u00e7\u00e3o, em decorr\u00eancia da instaura\u00e7\u00e3o da democracia no pa\u00eds.<\/p><p>Em 1992, na sequ\u00eancia da aprova\u00e7\u00e3o da nova Constitui\u00e7\u00e3o da Rep\u00fablica, foi eleito pelo Conselho Superior da Magistratura Judicial para integrar, por um mandato de cinco anos, o novo Supremo Tribunal de Justi\u00e7a, que acumulava \u00e0 data as fun\u00e7\u00f5es de Tribunal Constitucional.<\/p><p>Terminado o mandato, em 1998 foi nomeado Inspector Superior Judicial.<\/p><p>Em 2001 foi nomeado pelas Na\u00e7\u00f5es Unidas, atrav\u00e9s do ent\u00e3o Representante Especial do Secret\u00e1rio Geral, S\u00e9rgio Vieira de Mello, Juiz Internacional do Painel Especial de Timor Leste, a Jurisdi\u00e7\u00e3o encarregue de julgar os crimes graves cometidos nesse territ\u00f3rio aquando do referendo de 1999 para a Independ\u00eancia. Ao mesmo tempo participa no treinamento dos magistrados locais que iam incorporando o sistema judicial desse nascente pa\u00eds.<\/p><p>Em 2003 assume as fun\u00e7\u00f5es de Presidente do Supremo Tribunal de Justi\u00e7a de Cabo Verde, ainda Tribunal Constitucional, por um mandato de cinco anos.<\/p><p>Em novembro de 2004 uma visita de estudos proporciona-lhe a oportunidade de conhecer aspectos do funcionamento do Estado de Direito e da Justi\u00e7a nos Estados Unidos, a n\u00edvel federal e estadual, bem como de prosseguir a sua familiariza\u00e7\u00e3o com o sistema jur\u00eddico da common law.<\/p><p>De fevereiro de 2009 a Julho de 2014 exerceu as fun\u00e7\u00f5es de Juiz e Vice-Presidente do Tribunal de Justi\u00e7a da CEDEAO, a Comunidade Econ\u00f3mica dos Estados da \u00c1frica Ocidental, com sede em Abuja-Nig\u00e9ria. Nessa qualidade p\u00f4de aprofundar os seus conhecimentos e consolidar a sua experi\u00eancia em sede do Direito de Integra\u00e7\u00e3o Regional e da prote\u00e7\u00e3o dos direitos do homem, principais dom\u00ednios da jurisdi\u00e7\u00e3o desse Tribunal.<\/p><p>Em 2013 ascendeu, por concurso p\u00fablico, \u00e0 categoria de Juiz Conselheiro do Supremo Tribunal de Justi\u00e7a, cargo resultante da reestrutura\u00e7\u00e3o da carreira da Magistratura Judicial, que passou a desenvolver-se at\u00e9 esse n\u00edvel.<\/p><p>Em novembro de 2022 foi proposto pelos seus pares para o cargo de Presidente do Supremo Tribunal de Justi\u00e7a, tendo sido nomeado e empossado pelo Presidente da Rep\u00fablica para a referida fun\u00e7\u00e3o, a qual continua a exercer.<\/p><p>Tem publicado trabalhos com particular incid\u00eancia em temas em torno da Constitui\u00e7\u00e3o, da Administra\u00e7\u00e3o da Justi\u00e7a e da promo\u00e7\u00e3o e defesa dos direitos do homem, dos quais cabe mencionar:<\/p><ul><li><em>Que organiza\u00e7\u00e3o Judici\u00e1ria para Cabo Verde?<\/em> Revista Jur\u00eddica, Jan\/Jun de 1998<\/li><li><em>Os Direitos do Homem e o Primado da Lei<\/em>, Revista Direito e Cidadania, n\u00ba 4, Jul\/Out de 1998<\/li><li><em>A Crian\u00e7a e o Direito em Cabo Verde, Um Percurso Ascendente de Trinta Anos<\/em>, in <em>CABO VERDE, Tr\u00eas D\u00e9cadas Depois<\/em>, Revista Direito e Cidadania, N\u00famero Especial, ANO VIII (2007);<\/li><li><em>A Garantia da Constitui\u00e7\u00e3o e a Justi\u00e7a Constitucional em Cabo Verde<\/em>, Revista Direito e Cidadania, Ano X, n\u00ba 29 (2009);<\/li><li><em>A Natureza do Recurso de Amparo em Cabo Verde: Ser\u00e1 o Tribunal Constitucional uma Super-inst\u00e2ncia de Revis\u00e3o das Decis\u00f5es Judiciais, at\u00e9 em Mat\u00e9ria de Facto?<\/em>, Estudos em Homenagem ao Professor Wladimir Brito (2020);<\/li><li>\u201c<em>Coment\u00e1rio aos artigos 40\u00ba, 41\u00ba e 42\u00ba<\/em>\u201d, <em>Coment\u00e1rio Lus\u00f3fono \u00e0 Carta Africana dos Direitos do Homem e dos Povos<\/em>, publicado pelo Centro Lus\u00f3fono dos Direitos Humanos da Escola de Direito da Universidade do Minho (2018);<\/li><li>\u201c<em>O Direito de Reuni\u00e3o<\/em>\u201d, <em>Coment\u00e1rio da Carta Africana dos Direitos do Homem e dos Povos e do Protocolo Adicional<\/em>, obra colectiva sob a organiza\u00e7\u00e3o de Paulo Pinto de Albuquerque (2020).<\/li><\/ul><p>O Juiz Conselheiro Benfeito Mosso Ramos \u00e9 casado e pai de tr\u00eas filhos.<\/p><\/div>\t\t\t\t\t\t\t\t<\/div>\n\t\t\t\t<\/div>\n\t\t\t\t\t<\/div>\n\t\t<\/div>\n\t\t\t\t\t<\/div>\n\t\t<\/section>\n\t\t\t\t<section class=\"elementor-section elementor-top-section elementor-element elementor-element-4d56342 elementor-section-boxed elementor-section-height-default elementor-section-height-default\" data-id=\"4d56342\" data-element_type=\"section\" data-e-type=\"section\">\n\t\t\t\t\t\t<div class=\"elementor-container elementor-column-gap-default\">\n\t\t\t\t\t<div class=\"elementor-column elementor-col-100 elementor-top-column elementor-element elementor-element-29418cf\" data-id=\"29418cf\" data-element_type=\"column\" data-e-type=\"column\">\n\t\t\t<div class=\"elementor-widget-wrap elementor-element-populated\">\n\t\t\t\t\t\t<div class=\"elementor-element elementor-element-3753ec7 elementor-widget elementor-widget-heading\" data-id=\"3753ec7\" data-element_type=\"widget\" data-e-type=\"widget\" data-widget_type=\"heading.default\">\n\t\t\t\t<div class=\"elementor-widget-container\">\n\t\t\t\t\t<h6 class=\"elementor-heading-title elementor-size-default\"><br><br>Interven\u00e7\u00f5es<br><\/h6>\t\t\t\t<\/div>\n\t\t\t\t<\/div>\n\t\t\t\t\t<\/div>\n\t\t<\/div>\n\t\t\t\t\t<\/div>\n\t\t<\/section>\n\t\t\t\t<section class=\"elementor-section elementor-top-section elementor-element elementor-element-4cfe97d elementor-section-boxed elementor-section-height-default elementor-section-height-default\" data-id=\"4cfe97d\" data-element_type=\"section\" data-e-type=\"section\">\n\t\t\t\t\t\t<div class=\"elementor-container elementor-column-gap-default\">\n\t\t\t\t\t<div class=\"elementor-column elementor-col-33 elementor-top-column elementor-element elementor-element-a6ebb86\" data-id=\"a6ebb86\" data-element_type=\"column\" data-e-type=\"column\">\n\t\t\t<div class=\"elementor-widget-wrap elementor-element-populated\">\n\t\t\t\t\t\t<div class=\"elementor-element elementor-element-f131d83 elementor-widget elementor-widget-heading\" data-id=\"f131d83\" data-element_type=\"widget\" data-e-type=\"widget\" data-widget_type=\"heading.default\">\n\t\t\t\t<div class=\"elementor-widget-container\">\n\t\t\t\t\t<div class=\"elementor-heading-title elementor-size-default\">ABERTURA SOLENE DO ANO JUDICIAL 2023<\/div>\t\t\t\t<\/div>\n\t\t\t\t<\/div>\n\t\t\t\t<div class=\"elementor-element elementor-element-5a2465f elementor-widget elementor-widget-text-editor\" data-id=\"5a2465f\" data-element_type=\"widget\" data-e-type=\"widget\" data-widget_type=\"text-editor.default\">\n\t\t\t\t<div class=\"elementor-widget-container\">\n\t\t\t\t\t\t\t\t\t<p><strong>Discurso do Presidente do STJ<\/strong><\/p>\t\t\t\t\t\t\t\t<\/div>\n\t\t\t\t<\/div>\n\t\t\t\t<div class=\"elementor-element elementor-element-3410f82 elementor-widget elementor-widget-button\" data-id=\"3410f82\" data-element_type=\"widget\" data-e-type=\"widget\" data-widget_type=\"button.default\">\n\t\t\t\t<div class=\"elementor-widget-container\">\n\t\t\t\t\t\t\t\t\t<div class=\"elementor-button-wrapper\">\n\t\t\t\t\t<a class=\"elementor-button elementor-button-link elementor-size-sm\" href=\"http:\/\/stj.cv\/index.php\/discurso-do-presidente-do-stj\/\">\n\t\t\t\t\t\t<span class=\"elementor-button-content-wrapper\">\n\t\t\t\t\t\t\t\t\t<span class=\"elementor-button-text\">Ler mais<\/span>\n\t\t\t\t\t<\/span>\n\t\t\t\t\t<\/a>\n\t\t\t\t<\/div>\n\t\t\t\t\t\t\t\t<\/div>\n\t\t\t\t<\/div>\n\t\t\t\t\t<\/div>\n\t\t<\/div>\n\t\t\t\t<div class=\"elementor-column elementor-col-33 elementor-top-column elementor-element elementor-element-4592d0b\" data-id=\"4592d0b\" data-element_type=\"column\" data-e-type=\"column\">\n\t\t\t<div class=\"elementor-widget-wrap elementor-element-populated\">\n\t\t\t\t\t\t<div class=\"elementor-element elementor-element-1df3226 elementor-widget elementor-widget-button\" data-id=\"1df3226\" data-element_type=\"widget\" data-e-type=\"widget\" data-widget_type=\"button.default\">\n\t\t\t\t<div class=\"elementor-widget-container\">\n\t\t\t\t\t\t\t\t\t<div class=\"elementor-button-wrapper\">\n\t\t\t\t\t<a class=\"elementor-button elementor-size-sm\" role=\"button\">\n\t\t\t\t\t\t<span class=\"elementor-button-content-wrapper\">\n\t\t\t\t\t\t\t\t\t<span class=\"elementor-button-text\">Ler mais<\/span>\n\t\t\t\t\t<\/span>\n\t\t\t\t\t<\/a>\n\t\t\t\t<\/div>\n\t\t\t\t\t\t\t\t<\/div>\n\t\t\t\t<\/div>\n\t\t\t\t\t<\/div>\n\t\t<\/div>\n\t\t\t\t<div class=\"elementor-column elementor-col-33 elementor-top-column elementor-element elementor-element-091f388\" data-id=\"091f388\" data-element_type=\"column\" data-e-type=\"column\">\n\t\t\t<div class=\"elementor-widget-wrap elementor-element-populated\">\n\t\t\t\t\t\t\t<\/div>\n\t\t<\/div>\n\t\t\t\t\t<\/div>\n\t\t<\/section>\n\t\t\t\t<\/div>\n\t\t","protected":false},"excerpt":{"rendered":"<p>Ju\u00edz Conselheiro Benfeito Mosso Ramos Presidente do Supremo Tribunal de Justi\u00e7a Nota Biogr\u00e1fica \u00a0 Benfeito Mosso Ramos nasceu na localidade de Palmeira, ilha do Sal, a seis de julho de 1959. Licenciou-se em Direito pela Faculdade de Direito da Universidade Cl\u00e1ssica de Lisboa em 1985 e frequentou de seguida o est\u00e1gio para a Magistratura no [&hellip;]<\/p>\n","protected":false},"author":2,"featured_media":0,"parent":0,"menu_order":0,"comment_status":"closed","ping_status":"closed","template":"","meta":{"footnotes":""},"class_list":["post-6308","page","type-page","status-publish","hentry"],"jetpack_sharing_enabled":true,"_links":{"self":[{"href":"https:\/\/www.stj.cv\/index.php\/wp-json\/wp\/v2\/pages\/6308","targetHints":{"allow":["GET"]}}],"collection":[{"href":"https:\/\/www.stj.cv\/index.php\/wp-json\/wp\/v2\/pages"}],"about":[{"href":"https:\/\/www.stj.cv\/index.php\/wp-json\/wp\/v2\/types\/page"}],"author":[{"embeddable":true,"href":"https:\/\/www.stj.cv\/index.php\/wp-json\/wp\/v2\/users\/2"}],"replies":[{"embeddable":true,"href":"https:\/\/www.stj.cv\/index.php\/wp-json\/wp\/v2\/comments?post=6308"}],"version-history":[{"count":151,"href":"https:\/\/www.stj.cv\/index.php\/wp-json\/wp\/v2\/pages\/6308\/revisions"}],"predecessor-version":[{"id":11511,"href":"https:\/\/www.stj.cv\/index.php\/wp-json\/wp\/v2\/pages\/6308\/revisions\/11511"}],"wp:attachment":[{"href":"https:\/\/www.stj.cv\/index.php\/wp-json\/wp\/v2\/media?parent=6308"}],"curies":[{"name":"wp","href":"https:\/\/api.w.org\/{rel}","templated":true}]}}