{"id":12402,"date":"2025-11-12T12:31:07","date_gmt":"2025-11-12T13:31:07","guid":{"rendered":"https:\/\/www.stj.cv\/?page_id=12402"},"modified":"2025-11-12T14:54:40","modified_gmt":"2025-11-12T15:54:40","slug":"xii-conferencia-do-forum-dos-presidentes-dos-supremos-tribunais-de-justica-dos-paises-da-cplp-duplicate-11407","status":"publish","type":"page","link":"https:\/\/www.stj.cv\/index.php\/xii-conferencia-do-forum-dos-presidentes-dos-supremos-tribunais-de-justica-dos-paises-da-cplp-duplicate-11407\/","title":{"rendered":"XIII Confer\u00eancia do F\u00f3rum dos Presidentes dos Supremos Tribunais de Justi\u00e7a dos Pa\u00edses da cplp"},"content":{"rendered":"\t\t<div data-elementor-type=\"wp-page\" data-elementor-id=\"12402\" class=\"elementor elementor-12402\">\n\t\t\t\t\t\t<section class=\"elementor-section elementor-top-section elementor-element elementor-element-c87236d elementor-section-boxed elementor-section-height-default elementor-section-height-default\" data-id=\"c87236d\" data-element_type=\"section\" data-e-type=\"section\">\n\t\t\t\t\t\t<div class=\"elementor-container elementor-column-gap-default\">\n\t\t\t\t\t<div class=\"elementor-column elementor-col-100 elementor-top-column elementor-element elementor-element-735e807\" data-id=\"735e807\" data-element_type=\"column\" data-e-type=\"column\">\n\t\t\t<div class=\"elementor-widget-wrap elementor-element-populated\">\n\t\t\t\t\t\t<div class=\"elementor-element elementor-element-cbf05b3 elementor-widget elementor-widget-text-editor\" data-id=\"cbf05b3\" data-element_type=\"widget\" data-e-type=\"widget\" data-widget_type=\"text-editor.default\">\n\t\t\t\t<div class=\"elementor-widget-container\">\n\t\t\t\t\t\t\t\t\t<h4>XIII Confer\u00eancia do F\u00f3rum dos Presidentes dos Supremos Tribunais de Justi\u00e7a dos Pa\u00edses da cplp<\/h4>\t\t\t\t\t\t\t\t<\/div>\n\t\t\t\t<\/div>\n\t\t\t\t\t<\/div>\n\t\t<\/div>\n\t\t\t\t\t<\/div>\n\t\t<\/section>\n\t\t\t\t<section class=\"elementor-section elementor-top-section elementor-element elementor-element-2c89e94 elementor-section-boxed elementor-section-height-default elementor-section-height-default\" data-id=\"2c89e94\" data-element_type=\"section\" data-e-type=\"section\">\n\t\t\t\t\t\t<div class=\"elementor-container elementor-column-gap-default\">\n\t\t\t\t\t<div class=\"elementor-column elementor-col-100 elementor-top-column elementor-element elementor-element-b670140\" data-id=\"b670140\" data-element_type=\"column\" data-e-type=\"column\">\n\t\t\t<div class=\"elementor-widget-wrap elementor-element-populated\">\n\t\t\t\t\t\t<div class=\"elementor-element elementor-element-738723d elementor-widget elementor-widget-qi_addons_for_elementor_image_gallery\" data-id=\"738723d\" data-element_type=\"widget\" data-e-type=\"widget\" data-widget_type=\"qi_addons_for_elementor_image_gallery.default\">\n\t\t\t\t<div class=\"elementor-widget-container\">\n\t\t\t\t\t<div class=\"qodef-shortcode qodef-m qodef-qi-image-gallery qodef-qi-fslightbox-popup qodef-popup-gallery qodef-image--hover-zoom qodef-qi-grid qodef-layout--qi-columns qodef-col-num--3 qodef-responsive--predefined\">\n\t<div class=\"qodef-grid-inner\">\n\t\t<div class=\"qodef-e qodef-image-wrapper qodef-grid-item\">\n\t<div class=\"qodef-e-inner\">\n\t\t\t\t\t<a class=\"qodef-popup-item\" itemprop=\"image\" href=\"https:\/\/www.stj.cv\/wp-content\/uploads\/2025\/11\/1W2A3342-1-scaled.jpg\" data-type=\"image\" data-fslightbox=\"gallery-937\">\n\t\t\t\t\t<img fetchpriority=\"high\" decoding=\"async\" width=\"2560\" height=\"1707\" src=\"https:\/\/www.stj.cv\/wp-content\/uploads\/2025\/11\/1W2A3342-1-scaled.jpg\" class=\"attachment-full size-full\" alt=\"\" srcset=\"https:\/\/www.stj.cv\/wp-content\/uploads\/2025\/11\/1W2A3342-1-scaled.jpg 2560w, https:\/\/www.stj.cv\/wp-content\/uploads\/2025\/11\/1W2A3342-1-300x200.jpg 300w, https:\/\/www.stj.cv\/wp-content\/uploads\/2025\/11\/1W2A3342-1-1024x683.jpg 1024w, https:\/\/www.stj.cv\/wp-content\/uploads\/2025\/11\/1W2A3342-1-768x512.jpg 768w, https:\/\/www.stj.cv\/wp-content\/uploads\/2025\/11\/1W2A3342-1-1536x1024.jpg 1536w, https:\/\/www.stj.cv\/wp-content\/uploads\/2025\/11\/1W2A3342-1-2048x1365.jpg 2048w, https:\/\/www.stj.cv\/wp-content\/uploads\/2025\/11\/1W2A3342-1-600x400.jpg 600w\" sizes=\"(max-width: 2560px) 100vw, 2560px\" \/>\t\t\t\t\t<\/a>\n\t\t\t<\/div>\n<\/div>\n<div class=\"qodef-e qodef-image-wrapper qodef-grid-item\">\n\t<div class=\"qodef-e-inner\">\n\t\t\t\t\t<a class=\"qodef-popup-item\" itemprop=\"image\" href=\"https:\/\/www.stj.cv\/wp-content\/uploads\/2025\/11\/1W2A3404_-scaled.jpg\" data-type=\"image\" data-fslightbox=\"gallery-937\">\n\t\t\t\t\t<img decoding=\"async\" width=\"2560\" height=\"1707\" src=\"https:\/\/www.stj.cv\/wp-content\/uploads\/2025\/11\/1W2A3404_-scaled.jpg\" class=\"attachment-full size-full\" alt=\"\" srcset=\"https:\/\/www.stj.cv\/wp-content\/uploads\/2025\/11\/1W2A3404_-scaled.jpg 2560w, https:\/\/www.stj.cv\/wp-content\/uploads\/2025\/11\/1W2A3404_-300x200.jpg 300w, https:\/\/www.stj.cv\/wp-content\/uploads\/2025\/11\/1W2A3404_-1024x683.jpg 1024w, https:\/\/www.stj.cv\/wp-content\/uploads\/2025\/11\/1W2A3404_-768x512.jpg 768w, https:\/\/www.stj.cv\/wp-content\/uploads\/2025\/11\/1W2A3404_-1536x1024.jpg 1536w, https:\/\/www.stj.cv\/wp-content\/uploads\/2025\/11\/1W2A3404_-2048x1365.jpg 2048w, https:\/\/www.stj.cv\/wp-content\/uploads\/2025\/11\/1W2A3404_-600x400.jpg 600w\" sizes=\"(max-width: 2560px) 100vw, 2560px\" \/>\t\t\t\t\t<\/a>\n\t\t\t<\/div>\n<\/div>\n<div class=\"qodef-e qodef-image-wrapper qodef-grid-item\">\n\t<div class=\"qodef-e-inner\">\n\t\t\t\t\t<a class=\"qodef-popup-item\" itemprop=\"image\" href=\"https:\/\/www.stj.cv\/wp-content\/uploads\/2025\/11\/CCHA1198-scaled.jpg\" data-type=\"image\" data-fslightbox=\"gallery-937\">\n\t\t\t\t\t<img decoding=\"async\" width=\"2560\" height=\"1707\" src=\"https:\/\/www.stj.cv\/wp-content\/uploads\/2025\/11\/CCHA1198-scaled.jpg\" class=\"attachment-full size-full\" alt=\"\" srcset=\"https:\/\/www.stj.cv\/wp-content\/uploads\/2025\/11\/CCHA1198-scaled.jpg 2560w, https:\/\/www.stj.cv\/wp-content\/uploads\/2025\/11\/CCHA1198-300x200.jpg 300w, https:\/\/www.stj.cv\/wp-content\/uploads\/2025\/11\/CCHA1198-1024x683.jpg 1024w, https:\/\/www.stj.cv\/wp-content\/uploads\/2025\/11\/CCHA1198-768x512.jpg 768w, https:\/\/www.stj.cv\/wp-content\/uploads\/2025\/11\/CCHA1198-1536x1024.jpg 1536w, https:\/\/www.stj.cv\/wp-content\/uploads\/2025\/11\/CCHA1198-2048x1365.jpg 2048w, https:\/\/www.stj.cv\/wp-content\/uploads\/2025\/11\/CCHA1198-600x400.jpg 600w\" sizes=\"(max-width: 2560px) 100vw, 2560px\" \/>\t\t\t\t\t<\/a>\n\t\t\t<\/div>\n<\/div>\n<div class=\"qodef-e qodef-image-wrapper qodef-grid-item\">\n\t<div class=\"qodef-e-inner\">\n\t\t\t\t\t<a class=\"qodef-popup-item\" itemprop=\"image\" href=\"https:\/\/www.stj.cv\/wp-content\/uploads\/2025\/11\/CCHA1288-scaled.jpg\" data-type=\"image\" data-fslightbox=\"gallery-937\">\n\t\t\t\t\t<img loading=\"lazy\" decoding=\"async\" width=\"2560\" height=\"1708\" src=\"https:\/\/www.stj.cv\/wp-content\/uploads\/2025\/11\/CCHA1288-scaled.jpg\" class=\"attachment-full size-full\" alt=\"\" srcset=\"https:\/\/www.stj.cv\/wp-content\/uploads\/2025\/11\/CCHA1288-scaled.jpg 2560w, https:\/\/www.stj.cv\/wp-content\/uploads\/2025\/11\/CCHA1288-300x200.jpg 300w, https:\/\/www.stj.cv\/wp-content\/uploads\/2025\/11\/CCHA1288-1024x683.jpg 1024w, https:\/\/www.stj.cv\/wp-content\/uploads\/2025\/11\/CCHA1288-768x512.jpg 768w, https:\/\/www.stj.cv\/wp-content\/uploads\/2025\/11\/CCHA1288-1536x1025.jpg 1536w, https:\/\/www.stj.cv\/wp-content\/uploads\/2025\/11\/CCHA1288-2048x1366.jpg 2048w, https:\/\/www.stj.cv\/wp-content\/uploads\/2025\/11\/CCHA1288-600x400.jpg 600w\" sizes=\"(max-width: 2560px) 100vw, 2560px\" \/>\t\t\t\t\t<\/a>\n\t\t\t<\/div>\n<\/div>\n<div class=\"qodef-e qodef-image-wrapper qodef-grid-item\">\n\t<div class=\"qodef-e-inner\">\n\t\t\t\t\t<a class=\"qodef-popup-item\" itemprop=\"image\" href=\"https:\/\/www.stj.cv\/wp-content\/uploads\/2025\/11\/DSC_1061-scaled.jpg\" data-type=\"image\" data-fslightbox=\"gallery-937\">\n\t\t\t\t\t<img loading=\"lazy\" decoding=\"async\" width=\"2560\" height=\"1707\" src=\"https:\/\/www.stj.cv\/wp-content\/uploads\/2025\/11\/DSC_1061-scaled.jpg\" class=\"attachment-full size-full\" alt=\"\" srcset=\"https:\/\/www.stj.cv\/wp-content\/uploads\/2025\/11\/DSC_1061-scaled.jpg 2560w, https:\/\/www.stj.cv\/wp-content\/uploads\/2025\/11\/DSC_1061-300x200.jpg 300w, https:\/\/www.stj.cv\/wp-content\/uploads\/2025\/11\/DSC_1061-1024x683.jpg 1024w, https:\/\/www.stj.cv\/wp-content\/uploads\/2025\/11\/DSC_1061-768x512.jpg 768w, https:\/\/www.stj.cv\/wp-content\/uploads\/2025\/11\/DSC_1061-1536x1024.jpg 1536w, https:\/\/www.stj.cv\/wp-content\/uploads\/2025\/11\/DSC_1061-2048x1365.jpg 2048w, https:\/\/www.stj.cv\/wp-content\/uploads\/2025\/11\/DSC_1061-600x400.jpg 600w\" sizes=\"(max-width: 2560px) 100vw, 2560px\" \/>\t\t\t\t\t<\/a>\n\t\t\t<\/div>\n<\/div>\n<div class=\"qodef-e qodef-image-wrapper qodef-grid-item\">\n\t<div class=\"qodef-e-inner\">\n\t\t\t\t\t<a class=\"qodef-popup-item\" itemprop=\"image\" href=\"https:\/\/www.stj.cv\/wp-content\/uploads\/2025\/11\/DSC_1630-scaled.jpg\" data-type=\"image\" data-fslightbox=\"gallery-937\">\n\t\t\t\t\t<img loading=\"lazy\" decoding=\"async\" width=\"2560\" height=\"1703\" src=\"https:\/\/www.stj.cv\/wp-content\/uploads\/2025\/11\/DSC_1630-scaled.jpg\" class=\"attachment-full size-full\" alt=\"\" srcset=\"https:\/\/www.stj.cv\/wp-content\/uploads\/2025\/11\/DSC_1630-scaled.jpg 2560w, https:\/\/www.stj.cv\/wp-content\/uploads\/2025\/11\/DSC_1630-300x200.jpg 300w, https:\/\/www.stj.cv\/wp-content\/uploads\/2025\/11\/DSC_1630-1024x681.jpg 1024w, https:\/\/www.stj.cv\/wp-content\/uploads\/2025\/11\/DSC_1630-768x511.jpg 768w, https:\/\/www.stj.cv\/wp-content\/uploads\/2025\/11\/DSC_1630-1536x1022.jpg 1536w, https:\/\/www.stj.cv\/wp-content\/uploads\/2025\/11\/DSC_1630-2048x1363.jpg 2048w, https:\/\/www.stj.cv\/wp-content\/uploads\/2025\/11\/DSC_1630-600x399.jpg 600w\" sizes=\"(max-width: 2560px) 100vw, 2560px\" \/>\t\t\t\t\t<\/a>\n\t\t\t<\/div>\n<\/div>\n<div class=\"qodef-e qodef-image-wrapper qodef-grid-item\">\n\t<div class=\"qodef-e-inner\">\n\t\t\t\t\t<a class=\"qodef-popup-item\" itemprop=\"image\" href=\"https:\/\/www.stj.cv\/wp-content\/uploads\/2025\/11\/DSC_1740.jpg\" data-type=\"image\" data-fslightbox=\"gallery-937\">\n\t\t\t\t\t<img loading=\"lazy\" decoding=\"async\" width=\"1280\" height=\"720\" src=\"https:\/\/www.stj.cv\/wp-content\/uploads\/2025\/11\/DSC_1740.jpg\" class=\"attachment-full size-full\" alt=\"\" srcset=\"https:\/\/www.stj.cv\/wp-content\/uploads\/2025\/11\/DSC_1740.jpg 1280w, https:\/\/www.stj.cv\/wp-content\/uploads\/2025\/11\/DSC_1740-300x169.jpg 300w, https:\/\/www.stj.cv\/wp-content\/uploads\/2025\/11\/DSC_1740-1024x576.jpg 1024w, https:\/\/www.stj.cv\/wp-content\/uploads\/2025\/11\/DSC_1740-768x432.jpg 768w, https:\/\/www.stj.cv\/wp-content\/uploads\/2025\/11\/DSC_1740-600x338.jpg 600w\" sizes=\"(max-width: 1280px) 100vw, 1280px\" \/>\t\t\t\t\t<\/a>\n\t\t\t<\/div>\n<\/div>\n<div class=\"qodef-e qodef-image-wrapper qodef-grid-item\">\n\t<div class=\"qodef-e-inner\">\n\t\t\t\t\t<a class=\"qodef-popup-item\" itemprop=\"image\" href=\"https:\/\/www.stj.cv\/wp-content\/uploads\/2025\/11\/DSC_1894-scaled.jpg\" data-type=\"image\" data-fslightbox=\"gallery-937\">\n\t\t\t\t\t<img loading=\"lazy\" decoding=\"async\" width=\"2560\" height=\"1703\" src=\"https:\/\/www.stj.cv\/wp-content\/uploads\/2025\/11\/DSC_1894-scaled.jpg\" class=\"attachment-full size-full\" alt=\"\" srcset=\"https:\/\/www.stj.cv\/wp-content\/uploads\/2025\/11\/DSC_1894-scaled.jpg 2560w, https:\/\/www.stj.cv\/wp-content\/uploads\/2025\/11\/DSC_1894-300x200.jpg 300w, https:\/\/www.stj.cv\/wp-content\/uploads\/2025\/11\/DSC_1894-1024x681.jpg 1024w, https:\/\/www.stj.cv\/wp-content\/uploads\/2025\/11\/DSC_1894-768x511.jpg 768w, https:\/\/www.stj.cv\/wp-content\/uploads\/2025\/11\/DSC_1894-1536x1022.jpg 1536w, https:\/\/www.stj.cv\/wp-content\/uploads\/2025\/11\/DSC_1894-2048x1362.jpg 2048w, https:\/\/www.stj.cv\/wp-content\/uploads\/2025\/11\/DSC_1894-600x399.jpg 600w\" sizes=\"(max-width: 2560px) 100vw, 2560px\" \/>\t\t\t\t\t<\/a>\n\t\t\t<\/div>\n<\/div>\n\t<\/div>\n<\/div>\n\t\t\t\t<\/div>\n\t\t\t\t<\/div>\n\t\t\t\t\t<\/div>\n\t\t<\/div>\n\t\t\t\t\t<\/div>\n\t\t<\/section>\n\t\t\t\t<\/div>\n\t\t","protected":false},"excerpt":{"rendered":"<p>XIII Confer\u00eancia do F\u00f3rum dos Presidentes dos Supremos Tribunais de Justi\u00e7a dos Pa\u00edses da cplp<\/p>\n","protected":false},"author":2,"featured_media":0,"parent":0,"menu_order":0,"comment_status":"closed","ping_status":"closed","template":"","meta":{"footnotes":""},"class_list":["post-12402","page","type-page","status-publish","hentry"],"jetpack_sharing_enabled":true,"_links":{"self":[{"href":"https:\/\/www.stj.cv\/index.php\/wp-json\/wp\/v2\/pages\/12402","targetHints":{"allow":["GET"]}}],"collection":[{"href":"https:\/\/www.stj.cv\/index.php\/wp-json\/wp\/v2\/pages"}],"about":[{"href":"https:\/\/www.stj.cv\/index.php\/wp-json\/wp\/v2\/types\/page"}],"author":[{"embeddable":true,"href":"https:\/\/www.stj.cv\/index.php\/wp-json\/wp\/v2\/users\/2"}],"replies":[{"embeddable":true,"href":"https:\/\/www.stj.cv\/index.php\/wp-json\/wp\/v2\/comments?post=12402"}],"version-history":[{"count":14,"href":"https:\/\/www.stj.cv\/index.php\/wp-json\/wp\/v2\/pages\/12402\/revisions"}],"predecessor-version":[{"id":12433,"href":"https:\/\/www.stj.cv\/index.php\/wp-json\/wp\/v2\/pages\/12402\/revisions\/12433"}],"wp:attachment":[{"href":"https:\/\/www.stj.cv\/index.php\/wp-json\/wp\/v2\/media?parent=12402"}],"curies":[{"name":"wp","href":"https:\/\/api.w.org\/{rel}","templated":true}]}}